{"id":1066,"date":"2021-01-03T12:17:18","date_gmt":"2021-01-03T12:17:18","guid":{"rendered":"http:\/\/museovt.com\/?page_id=1066"},"modified":"2021-03-31T16:44:19","modified_gmt":"2021-03-31T16:44:19","slug":"qr-23","status":"publish","type":"page","link":"https:\/\/museovt.com\/de\/qr-23\/","title":{"rendered":"23.- DAS SKATEBOARD"},"content":{"rendered":"<div  class=\"one withsmallpadding ppb_text\" style=\"padding:30px;\" >\n<h5 id=\"bajar\"><\/h5>\n<\/div>\n<div  class=\"one withsmallpadding ppb_text\" style=\"padding:30px 0 30px 0;\" >\n<div class=\"standard_wrapper\">\n<div class=\"page_content_wrapper\">\n<div class=\"inner\">\n<div style=\"margin:auto;width:100%\">\n<h2 style=\"color: #999999; text-align: center;\"><span style=\"color: #ffffff;\"><img decoding=\"async\" class=\"alignnone wp-image-756\" src=\"http:\/\/museovt.com\/wp-content\/uploads\/2021\/01\/23.svg\" alt=\"\" width=\"50\" \/><br \/>\nDAS SKATEBOARD<br \/>\n<\/span><\/h2>\n<\/div>\n<\/div>\n<\/div>\n<\/div>\n<\/div>\n<div  class=\"one withsmallpadding ppb_text\" style=\"padding:30px 0 30px 0;\" >\n<div class=\"standard_wrapper\">\n<div class=\"page_content_wrapper\">\n<div class=\"inner\">\n<div style=\"margin:auto;width:100%\">\n<h5 style=\"text-align: center;\"><i class=\"fa fa-headphones fa-3x\" aria-hidden=\"true\"><\/i><br \/>\n<em>Bitte verwenden Sie innerhalb des Museums nicht die Lautsprecherfunktion.<\/em><\/h5>\n<\/div>\n<\/div>\n<\/div>\n<\/div>\n<\/div>\n<div  class=\"one withsmallpadding ppb_text\" style=\"padding:30px 0 30px 0;\" >\n<div class=\"standard_wrapper\">\n<div class=\"page_content_wrapper\">\n<div class=\"inner\">\n<div style=\"margin:auto;width:100%\"><audio class=\"wp-audio-shortcode\" id=\"audio-1066-2\" preload=\"none\" style=\"width: 100%;\" controls=\"controls\"><source type=\"audio\/mpeg\" src=\"https:\/\/museovt.com\/de\/wp-content\/uploads\/sites\/5\/2021\/03\/23de.mp3?_=2\" \/><a href=\"https:\/\/museovt.com\/de\/wp-content\/uploads\/sites\/5\/2021\/03\/23de.mp3\">https:\/\/museovt.com\/de\/wp-content\/uploads\/sites\/5\/2021\/03\/23de.mp3<\/a><\/audio>\n<\/div>\n<\/div>\n<\/div>\n<\/div>\n<\/div>\n<div  class=\"one withsmallpadding ppb_text\" style=\"padding:30px 0 30px 0;\" >\n<div class=\"standard_wrapper\">\n<div class=\"page_content_wrapper\">\n<div class=\"inner\">\n<div style=\"margin:auto;width:100%\">\n<h6 style=\"text-align: right;\"><a class=\"btn btn-default btn-sm\" href=\"https:\/\/museovt.com\/de\/qr-24\/\"><img decoding=\"async\" loading=\"lazy\" class=\"alignnone wp-image-2398\" src=\"https:\/\/museovt.com\/wp-content\/uploads\/2021\/02\/flechaQr.svg\" alt=\"\" width=\"55\" height=\"36\" \/><\/a><\/h6>\n<\/div>\n<\/div>\n<\/div>\n<\/div>\n<\/div>\n<div  class=\"one withsmallpadding ppb_text\" style=\"padding:30px 0 30px 0;\" >\n<div class=\"standard_wrapper\">\n<div class=\"page_content_wrapper\">\n<div class=\"inner\">\n<div style=\"margin:auto;width:100%\">\n<h6 style=\"text-align: right;\"><a class=\"btn btn-default btn-sm\" href=\"https:\/\/museovt.com\/de\/qr-24\/\"><img decoding=\"async\" loading=\"lazy\" class=\"alignnone wp-image-2398\" src=\"https:\/\/museovt.com\/wp-content\/uploads\/2021\/02\/flechaQr.svg\" alt=\"\" width=\"55\" height=\"36\" \/><\/a><\/h6>\n<\/div>\n<\/div>\n<\/div>\n<\/div>\n<\/div>\n<div  class=\"one withsmallpadding ppb_text\" style=\"padding:30px 0 30px 0;\" >\n<div class=\"standard_wrapper\">\n<div class=\"page_content_wrapper\">\n<div class=\"inner\">\n<div style=\"margin:auto;width:100%\">\n<p style=\"text-align: justify;\"><i class=\"fa fa-deaf fa-4x\" aria-hidden=\"true\"><\/i>Die Geschichte von Ignacio Echeverr\u00eda ist ein Paradebeispiel der Frage der Gerechten und Resistenten gegen den Terrorismus. Das sind jene Personen aus ganz verschiedenen Bereichen, Polizisten, Vertreter der zivilen Bev\u00f6lkerung, K\u00fcnstler, die laut \u201eNein\u201c zum Totalitarismus sagten, oder B\u00fcrger, die einfach vorbeikamen und den Terroristen die Stirn baten, ungeachtet des Risikos, das das f\u00fcr sie bedeuten k\u00f6nnte. Manche wurden sogar selbst zu Opfern, wie Ignacio, der starb, als er andere verteidigte, die einen dschihadistischen Anschlag in London erlitten. Seine Mutter, Ana Miralles de Imperial, erl\u00e4utert einige St\u00fccke, die ihre Familie f\u00fcr die Ausstellung bereitgestellt hat.<\/p>\n<p style=\"text-align: center;\"><img decoding=\"async\" class=\"alignnone size-full wp-image-2383\" src=\"https:\/\/museovt.com\/wp-content\/uploads\/2021\/02\/23-1.jpg\" alt=\"\" width=\"100%\" \/><\/p>\n<p><strong>Ana Miralles de Imperial. Das Skateboard von Ignacio Echeverr\u00eda und zwei Zeichnungen in seiner Erinnerung<\/strong><\/p>\n<p style=\"text-align: justify;\"><em>\u201eHier werden drei Gegenst\u00e4nde ausgestellt, die wir Angeh\u00f6rigen und Freunde von Ignacio Echeverr\u00eda Miralles de Imperial aufgrund ihrer Bedeutung und der Erinnerung an Ignacio sehr wertsch\u00e4tzen.<\/em><\/p>\n<p style=\"text-align: justify;\"><em>Das Brett des Skateboards, mit dem er die Personen verteidigte, die angegriffen wurden.<\/em><\/p>\n<p style=\"text-align: justify;\"><em>Dann ist da der Comic von Malag\u00f3n, der so gro\u00dfen Erfolg hatte und zu so vielen Emotionen r\u00fchrte, und in dem der nun so oft wiederholte Satz: \u201eManche Helden tragen keinen Umhang\u201c gepr\u00e4gt wurde.<\/em><\/p>\n<p style=\"text-align: justify;\"><em>Der Comic von Puebla, in dem Ignacio im Himmel ankommt und so aussieht, als w\u00fcsste er nicht, ob er willkommen ist, dann aber von Pelayo und Blas de Lezo empfangen wird. Einen besseren Empfang kann sich kein Spanier w\u00fcnschen!<\/em><\/p>\n<p style=\"text-align: justify;\"><em>Uns als seine Familie bewegt es sehr, dass diese drei Dinge hier an Ignacio erinnern und die Besucher des Museums sie zusammen sehen k\u00f6nnen.<\/em><\/p>\n<p style=\"text-align: justify;\"><em>Wir m\u00f6chten, dass alle Besucher dieses Museums wissen, dass diese drei Dinge an keinem besseren Ort sein k\u00f6nnten. Wenn sie bei mir zu Hause geblieben w\u00e4ren, w\u00fcrden nur wir sie sehen. Aber hier sorgen sie daf\u00fcr, dass viele Menschen an Ignacio denken. Daher glauben wir, dass Ignacio der Meinung w\u00e4re, dass sie hier bei den Erinnerungen an so viele Opfer des Terrorismus sein sollten, die leider nicht mehr unter uns weilen\u201c.<\/em><\/p>\n<\/div>\n<\/div>\n<\/div>\n<\/div>\n<\/div>\n","protected":false},"excerpt":{"rendered":"<p>DAS SKATEBOARD Bitte verwenden Sie innerhalb des Museums nicht die Lautsprecherfunktion. https:\/\/museovt.com\/de\/wp-content\/uploads\/sites\/5\/2021\/03\/23de.mp3 Die Geschichte von Ignacio Echeverr\u00eda ist ein Paradebeispiel der Frage der Gerechten und Resistenten gegen den Terrorismus. Das sind jene Personen aus ganz verschiedenen Bereichen, Polizisten, Vertreter der [&hellip;]<\/p>\n","protected":false},"author":1,"featured_media":0,"parent":0,"menu_order":0,"comment_status":"closed","ping_status":"closed","template":"","meta":{"inline_featured_image":false,"_trash_the_other_posts":false,"editor_notices":[],"footnotes":""},"class_list":["post-1066","page","type-page","status-publish","hentry"],"_links":{"self":[{"href":"https:\/\/museovt.com\/de\/wp-json\/wp\/v2\/pages\/1066","targetHints":{"allow":["GET"]}}],"collection":[{"href":"https:\/\/museovt.com\/de\/wp-json\/wp\/v2\/pages"}],"about":[{"href":"https:\/\/museovt.com\/de\/wp-json\/wp\/v2\/types\/page"}],"author":[{"embeddable":true,"href":"https:\/\/museovt.com\/de\/wp-json\/wp\/v2\/users\/1"}],"replies":[{"embeddable":true,"href":"https:\/\/museovt.com\/de\/wp-json\/wp\/v2\/comments?post=1066"}],"version-history":[{"count":46,"href":"https:\/\/museovt.com\/de\/wp-json\/wp\/v2\/pages\/1066\/revisions"}],"predecessor-version":[{"id":3030,"href":"https:\/\/museovt.com\/de\/wp-json\/wp\/v2\/pages\/1066\/revisions\/3030"}],"wp:attachment":[{"href":"https:\/\/museovt.com\/de\/wp-json\/wp\/v2\/media?parent=1066"}],"curies":[{"name":"wp","href":"https:\/\/api.w.org\/{rel}","templated":true}]}}

<div  class="one withsmallpadding ppb_text" style="padding:30px;" >
<h5 id="bajar"></h5>
</div>
<div  class="one withsmallpadding ppb_text" style="padding:30px 0 30px 0;" >
<div class="standard_wrapper">
<div class="page_content_wrapper">
<div class="inner">
<div style="margin:auto;width:100%">
<h2 style="color: #999999; text-align: center;"><span style="color: #ffffff;"><img decoding="async" class="alignnone wp-image-756" src="http://museovt.com/wp-content/uploads/2021/01/23.svg" alt="" width="50" /><br />
DAS SKATEBOARD<br />
</span></h2>
</div>
</div>
</div>
</div>
</div>
<div  class="one withsmallpadding ppb_text" style="padding:30px 0 30px 0;" >
<div class="standard_wrapper">
<div class="page_content_wrapper">
<div class="inner">
<div style="margin:auto;width:100%">
<h5 style="text-align: center;"><i class="fa fa-headphones fa-3x" aria-hidden="true"></i><br />
<em>Bitte verwenden Sie innerhalb des Museums nicht die Lautsprecherfunktion.</em></h5>
</div>
</div>
</div>
</div>
</div>
<div  class="one withsmallpadding ppb_text" style="padding:30px 0 30px 0;" >
<div class="standard_wrapper">
<div class="page_content_wrapper">
<div class="inner">
<div style="margin:auto;width:100%"><audio class="wp-audio-shortcode" id="audio-1066-2" preload="none" style="width: 100%;" controls="controls"><source type="audio/mpeg" src="https://museovt.com/de/wp-content/uploads/sites/5/2021/03/23de.mp3?_=2" /><a href="https://museovt.com/de/wp-content/uploads/sites/5/2021/03/23de.mp3">https://museovt.com/de/wp-content/uploads/sites/5/2021/03/23de.mp3</a></audio>
</div>
</div>
</div>
</div>
</div>
<div  class="one withsmallpadding ppb_text" style="padding:30px 0 30px 0;" >
<div class="standard_wrapper">
<div class="page_content_wrapper">
<div class="inner">
<div style="margin:auto;width:100%">
<h6 style="text-align: right;"><a class="btn btn-default btn-sm" href="https://museovt.com/de/qr-24/"><img decoding="async" loading="lazy" class="alignnone wp-image-2398" src="https://museovt.com/wp-content/uploads/2021/02/flechaQr.svg" alt="" width="55" height="36" /></a></h6>
</div>
</div>
</div>
</div>
</div>
<div  class="one withsmallpadding ppb_text" style="padding:30px 0 30px 0;" >
<div class="standard_wrapper">
<div class="page_content_wrapper">
<div class="inner">
<div style="margin:auto;width:100%">
<h6 style="text-align: right;"><a class="btn btn-default btn-sm" href="https://museovt.com/de/qr-24/"><img decoding="async" loading="lazy" class="alignnone wp-image-2398" src="https://museovt.com/wp-content/uploads/2021/02/flechaQr.svg" alt="" width="55" height="36" /></a></h6>
</div>
</div>
</div>
</div>
</div>
<div  class="one withsmallpadding ppb_text" style="padding:30px 0 30px 0;" >
<div class="standard_wrapper">
<div class="page_content_wrapper">
<div class="inner">
<div style="margin:auto;width:100%">
<p style="text-align: justify;"><i class="fa fa-deaf fa-4x" aria-hidden="true"></i>Die Geschichte von Ignacio Echeverría ist ein Paradebeispiel der Frage der Gerechten und Resistenten gegen den Terrorismus. Das sind jene Personen aus ganz verschiedenen Bereichen, Polizisten, Vertreter der zivilen Bevölkerung, Künstler, die laut „Nein“ zum Totalitarismus sagten, oder Bürger, die einfach vorbeikamen und den Terroristen die Stirn baten, ungeachtet des Risikos, das das für sie bedeuten könnte. Manche wurden sogar selbst zu Opfern, wie Ignacio, der starb, als er andere verteidigte, die einen dschihadistischen Anschlag in London erlitten. Seine Mutter, Ana Miralles de Imperial, erläutert einige Stücke, die ihre Familie für die Ausstellung bereitgestellt hat.</p>
<p style="text-align: center;"><img decoding="async" class="alignnone size-full wp-image-2383" src="https://museovt.com/wp-content/uploads/2021/02/23-1.jpg" alt="" width="100%" /></p>
<p><strong>Ana Miralles de Imperial. Das Skateboard von Ignacio Echeverría und zwei Zeichnungen in seiner Erinnerung</strong></p>
<p style="text-align: justify;"><em>„Hier werden drei Gegenstände ausgestellt, die wir Angehörigen und Freunde von Ignacio Echeverría Miralles de Imperial aufgrund ihrer Bedeutung und der Erinnerung an Ignacio sehr wertschätzen.</em></p>
<p style="text-align: justify;"><em>Das Brett des Skateboards, mit dem er die Personen verteidigte, die angegriffen wurden.</em></p>
<p style="text-align: justify;"><em>Dann ist da der Comic von Malagón, der so großen Erfolg hatte und zu so vielen Emotionen rührte, und in dem der nun so oft wiederholte Satz: „Manche Helden tragen keinen Umhang“ geprägt wurde.</em></p>
<p style="text-align: justify;"><em>Der Comic von Puebla, in dem Ignacio im Himmel ankommt und so aussieht, als wüsste er nicht, ob er willkommen ist, dann aber von Pelayo und Blas de Lezo empfangen wird. Einen besseren Empfang kann sich kein Spanier wünschen!</em></p>
<p style="text-align: justify;"><em>Uns als seine Familie bewegt es sehr, dass diese drei Dinge hier an Ignacio erinnern und die Besucher des Museums sie zusammen sehen können.</em></p>
<p style="text-align: justify;"><em>Wir möchten, dass alle Besucher dieses Museums wissen, dass diese drei Dinge an keinem besseren Ort sein könnten. Wenn sie bei mir zu Hause geblieben wären, würden nur wir sie sehen. Aber hier sorgen sie dafür, dass viele Menschen an Ignacio denken. Daher glauben wir, dass Ignacio der Meinung wäre, dass sie hier bei den Erinnerungen an so viele Opfer des Terrorismus sein sollten, die leider nicht mehr unter uns weilen“.</em></p>
</div>
</div>
</div>
</div>
</div>

<p>DAS SKATEBOARD Bitte verwenden Sie innerhalb des Museums nicht die Lautsprecherfunktion. https://museovt.com/de/wp-content/uploads/sites/5/2021/03/23de.mp3 Die Geschichte von Ignacio Echeverría ist ein Paradebeispiel der Frage der Gerechten und Resistenten gegen den Terrorismus. Das sind jene Personen aus ganz verschiedenen Bereichen, Polizisten, Vertreter der [&hellip;]</p>
