{"id":1015,"date":"2021-01-03T12:11:58","date_gmt":"2021-01-03T12:11:58","guid":{"rendered":"http:\/\/museovt.com\/?page_id=1015"},"modified":"2021-03-31T16:39:54","modified_gmt":"2021-03-31T16:39:54","slug":"qr-11","status":"publish","type":"page","link":"https:\/\/museovt.com\/de\/qr-11\/","title":{"rendered":"11.- HASSBOTSCHAFTEN"},"content":{"rendered":"<div  class=\"one withsmallpadding ppb_text\" style=\"padding:30px;\" >\n<h5 id=\"bajar\"><\/h5>\n<\/div>\n<div  class=\"one withsmallpadding ppb_text\" style=\"padding:30px 0 30px 0;\" >\n<div class=\"standard_wrapper\">\n<div class=\"page_content_wrapper\">\n<div class=\"inner\">\n<div style=\"margin:auto;width:100%\">\n<h2 style=\"color: #999999; text-align: center;\"><span style=\"color: #ffffff;\"><img decoding=\"async\" class=\"alignnone wp-image-756\" src=\"http:\/\/museovt.com\/wp-content\/uploads\/2021\/01\/11.svg\" alt=\"\" width=\"50\" \/><br \/>\nHASSBOTSCHAFTEN<\/span><\/h2>\n<\/div>\n<\/div>\n<\/div>\n<\/div>\n<\/div>\n<div  class=\"one withsmallpadding ppb_text\" style=\"padding:30px 0 30px 0;\" >\n<div class=\"standard_wrapper\">\n<div class=\"page_content_wrapper\">\n<div class=\"inner\">\n<div style=\"margin:auto;width:100%\">\n<h5 style=\"text-align: center;\"><i class=\"fa fa-headphones fa-3x\" aria-hidden=\"true\"><br \/>\n<\/i><br \/>\n<em>Bitte verwenden Sie innerhalb des Museums nicht die Lautsprecherfunktion.<\/em><\/h5>\n<\/div>\n<\/div>\n<\/div>\n<\/div>\n<\/div>\n<div  class=\"one withsmallpadding ppb_text\" style=\"padding:30px 0 30px 0;\" >\n<div class=\"standard_wrapper\">\n<div class=\"page_content_wrapper\">\n<div class=\"inner\">\n<div style=\"margin:auto;width:100%\"><audio class=\"wp-audio-shortcode\" id=\"audio-1015-2\" preload=\"none\" style=\"width: 100%;\" controls=\"controls\"><source type=\"audio\/mpeg\" src=\"https:\/\/museovt.com\/de\/wp-content\/uploads\/sites\/5\/2021\/03\/11de.mp3?_=2\" \/><a href=\"https:\/\/museovt.com\/de\/wp-content\/uploads\/sites\/5\/2021\/03\/11de.mp3\">https:\/\/museovt.com\/de\/wp-content\/uploads\/sites\/5\/2021\/03\/11de.mp3<\/a><\/audio>\n<\/div>\n<\/div>\n<\/div>\n<\/div>\n<\/div>\n<div  class=\"one withsmallpadding ppb_text\" style=\"padding:30px 0 30px 0;\" >\n<div class=\"standard_wrapper\">\n<div class=\"page_content_wrapper\">\n<div class=\"inner\">\n<div style=\"margin:auto;width:100%\">\n<h6 style=\"text-align: right;\"><a class=\"btn btn-default btn-sm\" href=\"https:\/\/museovt.com\/de\/qr-12\/\"><img decoding=\"async\" loading=\"lazy\" class=\"alignnone wp-image-2398\" src=\"https:\/\/museovt.com\/wp-content\/uploads\/2021\/02\/flechaQr.svg\" alt=\"\" width=\"55\" height=\"36\" \/><\/a><\/h6>\n<\/div>\n<\/div>\n<\/div>\n<\/div>\n<\/div>\n<div  class=\"one withsmallpadding ppb_text\" style=\"padding:30px 0 30px 0;\" >\n<div class=\"standard_wrapper\">\n<div class=\"page_content_wrapper\">\n<div class=\"inner\">\n<div style=\"margin:auto;width:100%\">\n<h6 style=\"text-align: right;\"><a class=\"btn btn-default btn-sm\" href=\"https:\/\/museovt.com\/de\/qr-12\/\"><img decoding=\"async\" loading=\"lazy\" class=\"alignnone wp-image-2398\" src=\"https:\/\/museovt.com\/wp-content\/uploads\/2021\/02\/flechaQr.svg\" alt=\"\" width=\"55\" height=\"36\" \/><\/a><\/h6>\n<\/div>\n<\/div>\n<\/div>\n<\/div>\n<\/div>\n<div  class=\"one withsmallpadding ppb_text\" style=\"padding:30px 0 30px 0;\" >\n<div class=\"standard_wrapper\">\n<div class=\"page_content_wrapper\">\n<div class=\"inner\">\n<div style=\"margin:auto;width:100%\">\n<p style=\"text-align: justify;\"><i class=\"fa fa-deaf fa-4x\" aria-hidden=\"true\"><\/i>Die terroristischen Organisationen werden von einem f\u00fcr ihren Fortbestand unerl\u00e4sslichen Umfeld unterst\u00fctzt. Die so genannte Nationale Baskische Freiheitsbewegung unterteilte sich in mehrere sektorale Organisationen, mit einem Wahlb\u00fcndnis, HB, einer Gewerkschaft, LAB, und einem Jugendverband, Jarrai. Wie die Aufkleber belegen, wurden von diesen Bereichen aus Hassbotschaften verbreitet, der Einsatz von Gewalt gelobt und all jene stigmatisiert, die als Feinde galten.<\/p>\n<p style=\"text-align: center;\"><img decoding=\"async\" loading=\"lazy\" class=\"alignnone wp-image-2365 size-full\" src=\"https:\/\/museovt.com\/wp-content\/uploads\/2021\/02\/11-1.jpg\" alt=\"\" width=\"1143\" height=\"1500\" \/><\/p>\n<p style=\"text-align: justify;\">Auf der schwarzen Liste standen die Mitglieder der Sicherheitskr\u00e4fte, die als unmenschliche Wesen ohne Gesicht dargestellt, verdinglicht, oder als Schweine oder Hunde karikiert wurden. Au\u00dferdem wurden Journalisten bedroht, wie Jos\u00e9 Mar\u00eda Calleja, der sich durch seinen Einsatz gegen ETA auszeichnete und 2020 am Coronavirus starb. Die Anschuldigungen bereiteten den Weg f\u00fcr den Ausschluss der Opfer aus der Gemeinschaft als Vorstufe ihrer physischen Eliminierung.<\/p>\n<p style=\"text-align: justify;\">Die Botschaften auf diesen Aufklebern und anderen Tr\u00e4gern wie Plakaten, Bannern oder Beschmierungen waren Teil der allt\u00e4glichen Landschaft des Baskenlandes und Navarras. Die Aufn\u00e4her wurden auf der Kleidung getragen und waren auf Dorffesten \u00fcblich. Dort erschienen \u00fcblicherweise organisierte Gruppen, die die Polizei angriffen und das Stadtmobiliar, Bankautomaten oder Busse zerst\u00f6rten. Es war das Zeitalter der <em>kale borroka<\/em> oder Stra\u00dfengewalt, eine Strategie, die seit den neunziger Jahren von der linken<em> Abertzale<\/em> entwickelt wurde, um die gesellschaftliche Kontrolle zu f\u00f6rdern und Angst unter ihren Gegnern zu stiften.<\/p>\n<p style=\"text-align: justify;\">Im M\u00e4rz 1995 attackierten radikale<em> Abertzales<\/em> die Autonomiepolizei <em>Ertzaintza<\/em> in Renter\u00eda mit Molotow-Cocktails. Auf einem der Aufkleber wird das Resultat dieser Aktion wie eine Troph\u00e4e gezeigt: Ein komplett zerst\u00f6rter Polizeibus. Der Beamte Jon Ruiz Sagarna erlitt schwerste Verbrennungen an 60% seines K\u00f6rpers. Seine Frau Ana Arregui haben wir in dem immersiven audio-visuellen Beitrag geh\u00f6rt.<\/p>\n<\/div>\n<\/div>\n<\/div>\n<\/div>\n<\/div>\n","protected":false},"excerpt":{"rendered":"<p>HASSBOTSCHAFTEN Bitte verwenden Sie innerhalb des Museums nicht die Lautsprecherfunktion. https:\/\/museovt.com\/de\/wp-content\/uploads\/sites\/5\/2021\/03\/11de.mp3 Die terroristischen Organisationen werden von einem f\u00fcr ihren Fortbestand unerl\u00e4sslichen Umfeld unterst\u00fctzt. Die so genannte Nationale Baskische Freiheitsbewegung unterteilte sich in mehrere sektorale Organisationen, mit einem Wahlb\u00fcndnis, HB, einer [&hellip;]<\/p>\n","protected":false},"author":1,"featured_media":0,"parent":0,"menu_order":0,"comment_status":"closed","ping_status":"closed","template":"","meta":{"inline_featured_image":false,"_trash_the_other_posts":false,"editor_notices":[],"footnotes":""},"class_list":["post-1015","page","type-page","status-publish","hentry"],"_links":{"self":[{"href":"https:\/\/museovt.com\/de\/wp-json\/wp\/v2\/pages\/1015","targetHints":{"allow":["GET"]}}],"collection":[{"href":"https:\/\/museovt.com\/de\/wp-json\/wp\/v2\/pages"}],"about":[{"href":"https:\/\/museovt.com\/de\/wp-json\/wp\/v2\/types\/page"}],"author":[{"embeddable":true,"href":"https:\/\/museovt.com\/de\/wp-json\/wp\/v2\/users\/1"}],"replies":[{"embeddable":true,"href":"https:\/\/museovt.com\/de\/wp-json\/wp\/v2\/comments?post=1015"}],"version-history":[{"count":54,"href":"https:\/\/museovt.com\/de\/wp-json\/wp\/v2\/pages\/1015\/revisions"}],"predecessor-version":[{"id":2982,"href":"https:\/\/museovt.com\/de\/wp-json\/wp\/v2\/pages\/1015\/revisions\/2982"}],"wp:attachment":[{"href":"https:\/\/museovt.com\/de\/wp-json\/wp\/v2\/media?parent=1015"}],"curies":[{"name":"wp","href":"https:\/\/api.w.org\/{rel}","templated":true}]}}

<div  class="one withsmallpadding ppb_text" style="padding:30px;" >
<h5 id="bajar"></h5>
</div>
<div  class="one withsmallpadding ppb_text" style="padding:30px 0 30px 0;" >
<div class="standard_wrapper">
<div class="page_content_wrapper">
<div class="inner">
<div style="margin:auto;width:100%">
<h2 style="color: #999999; text-align: center;"><span style="color: #ffffff;"><img decoding="async" class="alignnone wp-image-756" src="http://museovt.com/wp-content/uploads/2021/01/11.svg" alt="" width="50" /><br />
HASSBOTSCHAFTEN</span></h2>
</div>
</div>
</div>
</div>
</div>
<div  class="one withsmallpadding ppb_text" style="padding:30px 0 30px 0;" >
<div class="standard_wrapper">
<div class="page_content_wrapper">
<div class="inner">
<div style="margin:auto;width:100%">
<h5 style="text-align: center;"><i class="fa fa-headphones fa-3x" aria-hidden="true"><br />
</i><br />
<em>Bitte verwenden Sie innerhalb des Museums nicht die Lautsprecherfunktion.</em></h5>
</div>
</div>
</div>
</div>
</div>
<div  class="one withsmallpadding ppb_text" style="padding:30px 0 30px 0;" >
<div class="standard_wrapper">
<div class="page_content_wrapper">
<div class="inner">
<div style="margin:auto;width:100%"><audio class="wp-audio-shortcode" id="audio-1015-2" preload="none" style="width: 100%;" controls="controls"><source type="audio/mpeg" src="https://museovt.com/de/wp-content/uploads/sites/5/2021/03/11de.mp3?_=2" /><a href="https://museovt.com/de/wp-content/uploads/sites/5/2021/03/11de.mp3">https://museovt.com/de/wp-content/uploads/sites/5/2021/03/11de.mp3</a></audio>
</div>
</div>
</div>
</div>
</div>
<div  class="one withsmallpadding ppb_text" style="padding:30px 0 30px 0;" >
<div class="standard_wrapper">
<div class="page_content_wrapper">
<div class="inner">
<div style="margin:auto;width:100%">
<h6 style="text-align: right;"><a class="btn btn-default btn-sm" href="https://museovt.com/de/qr-12/"><img decoding="async" loading="lazy" class="alignnone wp-image-2398" src="https://museovt.com/wp-content/uploads/2021/02/flechaQr.svg" alt="" width="55" height="36" /></a></h6>
</div>
</div>
</div>
</div>
</div>
<div  class="one withsmallpadding ppb_text" style="padding:30px 0 30px 0;" >
<div class="standard_wrapper">
<div class="page_content_wrapper">
<div class="inner">
<div style="margin:auto;width:100%">
<h6 style="text-align: right;"><a class="btn btn-default btn-sm" href="https://museovt.com/de/qr-12/"><img decoding="async" loading="lazy" class="alignnone wp-image-2398" src="https://museovt.com/wp-content/uploads/2021/02/flechaQr.svg" alt="" width="55" height="36" /></a></h6>
</div>
</div>
</div>
</div>
</div>
<div  class="one withsmallpadding ppb_text" style="padding:30px 0 30px 0;" >
<div class="standard_wrapper">
<div class="page_content_wrapper">
<div class="inner">
<div style="margin:auto;width:100%">
<p style="text-align: justify;"><i class="fa fa-deaf fa-4x" aria-hidden="true"></i>Die terroristischen Organisationen werden von einem für ihren Fortbestand unerlässlichen Umfeld unterstützt. Die so genannte Nationale Baskische Freiheitsbewegung unterteilte sich in mehrere sektorale Organisationen, mit einem Wahlbündnis, HB, einer Gewerkschaft, LAB, und einem Jugendverband, Jarrai. Wie die Aufkleber belegen, wurden von diesen Bereichen aus Hassbotschaften verbreitet, der Einsatz von Gewalt gelobt und all jene stigmatisiert, die als Feinde galten.</p>
<p style="text-align: center;"><img decoding="async" loading="lazy" class="alignnone wp-image-2365 size-full" src="https://museovt.com/wp-content/uploads/2021/02/11-1.jpg" alt="" width="1143" height="1500" /></p>
<p style="text-align: justify;">Auf der schwarzen Liste standen die Mitglieder der Sicherheitskräfte, die als unmenschliche Wesen ohne Gesicht dargestellt, verdinglicht, oder als Schweine oder Hunde karikiert wurden. Außerdem wurden Journalisten bedroht, wie José María Calleja, der sich durch seinen Einsatz gegen ETA auszeichnete und 2020 am Coronavirus starb. Die Anschuldigungen bereiteten den Weg für den Ausschluss der Opfer aus der Gemeinschaft als Vorstufe ihrer physischen Eliminierung.</p>
<p style="text-align: justify;">Die Botschaften auf diesen Aufklebern und anderen Trägern wie Plakaten, Bannern oder Beschmierungen waren Teil der alltäglichen Landschaft des Baskenlandes und Navarras. Die Aufnäher wurden auf der Kleidung getragen und waren auf Dorffesten üblich. Dort erschienen üblicherweise organisierte Gruppen, die die Polizei angriffen und das Stadtmobiliar, Bankautomaten oder Busse zerstörten. Es war das Zeitalter der <em>kale borroka</em> oder Straßengewalt, eine Strategie, die seit den neunziger Jahren von der linken<em> Abertzale</em> entwickelt wurde, um die gesellschaftliche Kontrolle zu fördern und Angst unter ihren Gegnern zu stiften.</p>
<p style="text-align: justify;">Im März 1995 attackierten radikale<em> Abertzales</em> die Autonomiepolizei <em>Ertzaintza</em> in Rentería mit Molotow-Cocktails. Auf einem der Aufkleber wird das Resultat dieser Aktion wie eine Trophäe gezeigt: Ein komplett zerstörter Polizeibus. Der Beamte Jon Ruiz Sagarna erlitt schwerste Verbrennungen an 60% seines Körpers. Seine Frau Ana Arregui haben wir in dem immersiven audio-visuellen Beitrag gehört.</p>
</div>
</div>
</div>
</div>
</div>

<p>HASSBOTSCHAFTEN Bitte verwenden Sie innerhalb des Museums nicht die Lautsprecherfunktion. https://museovt.com/de/wp-content/uploads/sites/5/2021/03/11de.mp3 Die terroristischen Organisationen werden von einem für ihren Fortbestand unerlässlichen Umfeld unterstützt. Die so genannte Nationale Baskische Freiheitsbewegung unterteilte sich in mehrere sektorale Organisationen, mit einem Wahlbündnis, HB, einer [&hellip;]</p>
